{"id":4882,"date":"2016-07-28T11:13:09","date_gmt":"2016-07-28T16:13:09","guid":{"rendered":"https:\/\/xstore.8theme.com\/demos\/organic\/?page_id=4882"},"modified":"2022-04-06T15:54:42","modified_gmt":"2022-04-06T20:54:42","slug":"about-us","status":"publish","type":"page","link":"https:\/\/plasticgs.com\/","title":{"rendered":"ACERCA DE NOSOTROS"},"content":{"rendered":"<h2>\u00a0<\/h2>\n<h1 style=\"text-align: center; padding-left: 40px;\"><em><img loading=\"lazy\" class=\" wp-image-5373 aligncenter\" src=\"https:\/\/plasticgs.com\/wp-content\/uploads\/2022\/04\/Captura-300x156.png\" alt=\"\" width=\"646\" height=\"336\" srcset=\"https:\/\/plasticgs.com\/wp-content\/uploads\/2022\/04\/Captura-300x156.png 300w, https:\/\/plasticgs.com\/wp-content\/uploads\/2022\/04\/Captura-1x1.png 1w, https:\/\/plasticgs.com\/wp-content\/uploads\/2022\/04\/Captura-10x5.png 10w, https:\/\/plasticgs.com\/wp-content\/uploads\/2022\/04\/Captura.png 312w\" sizes=\"(max-width: 646px) 100vw, 646px\" \/>\u00a0 \u00a0 \u00a0 \u00a0 \u00a0 \u00a0 \u00a0 \u00a0 \u00a0 \u00a0 \u00a0 \u00a0 \u00a0 \u00a0 \u00a0 \u00a0 \u00a0 \u00a0 \u00a0 \u00a0 \u00a0 \u00a0 \u00a0 \u00a0 \u00a0 \u00a0 \u00a0 \u00a0 \u00a0 \u00a0 \u00a0 \u00a0 \u00a0 \u00a0 \u00a0 \u00a0 <\/em><\/h1>\n<h1 style=\"text-align: center; padding-left: 40px;\"><em><span style=\"color: #333333;\">SOMOS UNA EMPRESA DEDICADA A LA DISTRIBUCI\u00d3N AL POR MAYOR Y MENOR DE PRODUCTOS DESCARTA BLES Y UNA AMPLIA VARIEDAD DE PRODUCTOS PL\u00c1STICOS , LINEA DE COCINA Y HOGAR, CON M\u00c1S DE 10 A\u00d1OS EN EL MERCADO.<\/span>\u00a0<\/em><\/h1>\n\n\n<div class=\"wp-block-image\"><figure class=\"aligncenter size-full\"><img loading=\"lazy\" width=\"512\" height=\"512\" src=\"https:\/\/plasticgs.com\/wp-content\/uploads\/2022\/04\/cropped-bpafree.jpg\" alt=\"\" class=\"wp-image-5402\" srcset=\"https:\/\/plasticgs.com\/wp-content\/uploads\/2022\/04\/cropped-bpafree.jpg 512w, https:\/\/plasticgs.com\/wp-content\/uploads\/2022\/04\/cropped-bpafree-300x300.jpg 300w, https:\/\/plasticgs.com\/wp-content\/uploads\/2022\/04\/cropped-bpafree-150x150.jpg 150w, https:\/\/plasticgs.com\/wp-content\/uploads\/2022\/04\/cropped-bpafree-100x100.jpg 100w, https:\/\/plasticgs.com\/wp-content\/uploads\/2022\/04\/cropped-bpafree-250x250.jpg 250w, https:\/\/plasticgs.com\/wp-content\/uploads\/2022\/04\/cropped-bpafree-350x350.jpg 350w, https:\/\/plasticgs.com\/wp-content\/uploads\/2022\/04\/cropped-bpafree-270x270.jpg 270w, https:\/\/plasticgs.com\/wp-content\/uploads\/2022\/04\/cropped-bpafree-192x192.jpg 192w, https:\/\/plasticgs.com\/wp-content\/uploads\/2022\/04\/cropped-bpafree-180x180.jpg 180w, https:\/\/plasticgs.com\/wp-content\/uploads\/2022\/04\/cropped-bpafree-32x32.jpg 32w\" sizes=\"(max-width: 512px) 100vw, 512px\" \/><\/figure><\/div>\n","protected":false},"excerpt":{"rendered":"<p>\u00a0 \u00a0 \u00a0 \u00a0 \u00a0 \u00a0 \u00a0 \u00a0 \u00a0 \u00a0 \u00a0 \u00a0 \u00a0 \u00a0 \u00a0 \u00a0 \u00a0 \u00a0 \u00a0 \u00a0 \u00a0 \u00a0 \u00a0 \u00a0 \u00a0 \u00a0 \u00a0 \u00a0 \u00a0 \u00a0 \u00a0 \u00a0 \u00a0 \u00a0 \u00a0 \u00a0 \u00a0 SOMOS UNA EMPRESA DEDICADA A LA DISTRIBUCI\u00d3N AL POR MAYOR Y MENOR DE PRODUCTOS DESCARTA BLES Y UNA<\/p>\n","protected":false},"author":1,"featured_media":0,"parent":0,"menu_order":0,"comment_status":"closed","ping_status":"closed","template":"","meta":[],"_links":{"self":[{"href":"https:\/\/plasticgs.com\/index.php\/wp-json\/wp\/v2\/pages\/4882"}],"collection":[{"href":"https:\/\/plasticgs.com\/index.php\/wp-json\/wp\/v2\/pages"}],"about":[{"href":"https:\/\/plasticgs.com\/index.php\/wp-json\/wp\/v2\/types\/page"}],"author":[{"embeddable":true,"href":"https:\/\/plasticgs.com\/index.php\/wp-json\/wp\/v2\/users\/1"}],"replies":[{"embeddable":true,"href":"https:\/\/plasticgs.com\/index.php\/wp-json\/wp\/v2\/comments?post=4882"}],"version-history":[{"count":10,"href":"https:\/\/plasticgs.com\/index.php\/wp-json\/wp\/v2\/pages\/4882\/revisions"}],"predecessor-version":[{"id":5423,"href":"https:\/\/plasticgs.com\/index.php\/wp-json\/wp\/v2\/pages\/4882\/revisions\/5423"}],"wp:attachment":[{"href":"https:\/\/plasticgs.com\/index.php\/wp-json\/wp\/v2\/media?parent=4882"}],"curies":[{"name":"wp","href":"https:\/\/api.w.org\/{rel}","templated":true}]}}